 - 9. Suppose 0 = 2*q + 10, 3*i - 50 = q + n*q. What are the prime factors of i?
2, 5
Suppose 4*f - 6610 = -6*f. What are the prime factors of f?
661
Let s be 3 + 3 + 63 + 3. Suppose -s = -w + 13. Suppose w = 5*f - 2*q, 70 = 4*f - 2*q - 0*q. List the prime factors of f.
3, 5
Suppose 2*y - 24415 = -5*n, 5*n - 16177 - 8243 = -y. List the prime factors of n.
5, 977
Let n = -3553 - -7848. What are the prime factors of n?
5, 859
Let c = 19 + -15. Suppose -c*l = -5*i - 157, -3*i = -l - i + 43. List the prime factors of l.
3, 11
Let w = -10 - -65. Let g = -11 + w. Suppose h = 2*a - 65 - g, 0 = a - 4*h - 37. List the prime factors of a.
3, 19
Let x(r) = 2*r - 3. Suppose -3*g + 3*z + z = 3, 4*g - 9 = z. List the prime factors of x(g).
3
Let s(m) = -m - 3*m + 12 + 3*m. What are the prime factors of s(6)?
2, 3
List the prime factors of 4138/4 + 1 - 211/422.
3, 5, 23
List the prime factors of (-5 - 260/(-50)) + (-8488)/(-10).
3, 283
Suppose 19*k = 8*k + 28963. What are the prime factors of k?
2633
Suppose -x + 110 = 2*k, -120 = -x + 3*k - 0*k. Suppose -x = -5*z - p, -3*p - 74 = -3*z - 5*p. What are the prime factors of z?
2, 11
Let k be 98 - (42/6 - 9). Suppose 5*x - 274 = -4*d, -3*d + 3*x + 219 = -0*x. Let m = k - d. List the prime factors of m.
29
Let m = 68 + 173. What are the prime factors of m?
241
Suppose 0 = -k + 188 + 315. What are the prime factors of k?
503
Suppose 0*q - 17 = -5*q + z, 0 = -2*q - 3*z. Suppose g = 2*g - q*i - 115, i - 305 = -3*g. List the prime factors of g.
103
Let b(o) = -25*o - 414. What are the prime factors of b(-76)?
2, 743
Let i(r) = r**3 - 7*r**2 - 21*r + 49. What are the prime factors of i(12)?
11, 47
Suppose -37*n + 1596 = -31*n. What are the prime factors of (-1 - 2)/((-42)/n)?
19
Let t = 35 - 11. Let w = 15 + t. Suppose 4*u - 143 + w = 4*y, -u + 5*y + 42 = 0. List the prime factors of u.
2, 11
What are the prime factors of 1 - (-1 - 930)/7?
2, 67
Suppose 4*t + 40 = 5*t - 5*o, -5*t = -5*o - 120. Let v be 8/12 - t/(-6). List the prime factors of 174/8 - (-1)/v.
2, 11
Suppose 5*k = n + 2135, -k = -n - 0*n - 423. List the prime factors of k.
2, 107
Let c = 3 + -3. Let z be 10/8 - (-177)/12. Suppose 3*y - 2*p = 4*y - z, -4*y - p + 57 = c. List the prime factors of y.
2, 7
Suppose 0 = 3*z + 5*l - 5214 - 1583, -2*z + 4530 = 4*l. List the prime factors of z.
2269
Let j(r) = 5*r**2 + 5*r - 11. Let x be j(-6). Let d = x + -38. List the prime factors of d.
101
Suppose -5*m = -2*m - 12, -5*m = 4*l + 236. Let h = -28 - l. What are the prime factors of h?
2, 3
Suppose 49*l - 31*l = 14544. List the prime factors of l.
2, 101
Let l = 113 - 59. Suppose -798 = -5*x - 3*a, 5*a + 208 = x + l. What are the prime factors of x?
3, 53
Let m = 19 + -18. Suppose 4 = -x - m. Let u(y) = -y**3 - 5*y**2 - 6*y - 6. List the prime factors of u(x).
2, 3
Suppose -10*k + 13*k + 66 = 0. Let o = 6 - k. What are the prime factors of o?
2, 7
Let u(g) be the second derivative of -13*g**3/6 + g**2 + 6*g. What are the prime factors of u(-2)?
2, 7
Let i be (24/36)/(-1 - 247/(-249)). List the prime factors of 3 - 0/2 - i.
2, 43
Suppose 15*y = -y + 22432. List the prime factors of y.
2, 701
Let x(z) = 2*z - 9. Let d be x(9). Let c(q) = -3 - 12*q - q**2 + 36*q - d*q. What are the prime factors of c(13)?
23
Let i be 30/(-26) + 6/39. Let c = i - -5. What are the prime factors of (592/24)/(c/6)?
37
Let v(t) be the first derivative of -t**3/3 - 5*t**2/2 + 5*t + 5. Let c be v(-5). Suppose -4*i + z + z + 70 = 0, -4*z - 89 = -c*i. List the prime factors of i.
17
Let t(h) = h**2 + 1. Let m(k) = -k**3 + 2*k**2 + 6*k + 6. Let a(d) = -m(d) - 6*t(d). List the prime factors of a(9).
3, 5
List the prime factors of 316/4 - 1 - -3.
3
Let r be 2 + 6/(-3)*1. Let q(y) = 4*y**3 - 2*y**2 - 4*y + 2. Let z(l) = -5*l**3 + 3*l**2 + 5*l - 2. Let n(g) = 4*q(g) + 3*z(g). List the prime factors of n(r).
2
Let d(k) = 174*k - 209. What are the prime factors of d(13)?
2053
Suppose 0 = z - 3 - 5. Suppose 4*r + 156 = z*r. Suppose 0 = -5*n + r + 116. What are the prime factors of n?
31
Let r = -7 - -10. Suppose r*z + 12 = -0*z. List the prime factors of (1416/16)/((-6)/z).
59
Suppose 0 = -4*p + 16, 5*s - 6*p = -3*p + 123. What are the prime factors of s?
3
Let p = -9 + 12. Suppose p*x - 16 = 110. Suppose -x = -4*v - 3*l, -v - 4*v - l + 47 = 0. List the prime factors of v.
3
Let t = -1420 - -2642. List the prime factors of t.
2, 13, 47
Let r = 35 - -110. Let o = r - 81. What are the prime factors of o?
2
Suppose -5*u - 4*j + 472 + 1333 = 0, 2*u - 704 = 2*j. Suppose 5*d = 5*k + 278 + 327, -u = -3*d + 5*k. What are the prime factors of d?
2, 31
Let f(z) = -11*z + 196. What are the prime factors of f(-40)?
2, 3, 53
Suppose 2*l + 81 = 13. Let x = l - -90. What are the prime factors of x?
2, 7
Let k = -10 + 6. Let p be 4*((k - -2) + 3). Suppose 2*f - 29 = r + p*r, -2*f - 4*r + 20 = 0. List the prime factors of f.
2, 3
Let m be (-1 - 3) + 3 - 3. Let f be (0/4 - m) + 190. Suppose -78 = 2*z - f. What are the prime factors of z?
2, 29
Let n(c) = 686*c + 180. List the prime factors of n(2).
2, 97
Suppose 636 = -10*k - 84. What are the prime factors of (-13264)/k + (-4)/18?
2, 23
List the prime factors of -3 + (-68)/51 + (-178)/(-3).
5, 11
Suppose -5*g + 20 = -4*o + 3*o, -4 = 2*o - g. Suppose 9*n - n - 808 = o. What are the prime factors of n?
101
Let p = 116 - 42. Let h = p + 4. What are the prime factors of h?
2, 3, 13
Let g(s) = 7*s**2 - 72*s - 48. What are the prime factors of g(-20)?
2, 131
Suppose 4 = 8*b - 4. Let a(u) = 86*u**2 + u - 1. What are the prime factors of a(b)?
2, 43
What are the prime factors of 9291/4 - (-309)/(-412)?
2, 3, 43
Suppose 2*r - 3608 = -3*t, 5*r + 7262 = 4*t + 2436. What are the prime factors of t?
2, 7, 43
Let n = 4269 + -1704. List the prime factors of n.
3, 5, 19
Let r = 13 - 8. Suppose -43 = -y + z, 4*z - z = 2*y - 85. Suppose -y = -r*k + 46. What are the prime factors of k?
2, 3
Let i = -25 - -27. Suppose -i*g = -p + 4, 4*g + p - 16 = -3*p. What are the prime factors of 18 + g/(-3) - -3?
3, 7
List the prime factors of -2 + (-2154)/(-3) - 3*-1.
719
Let q = 5 + 4. Suppose 2*y - y + 8 = 2*m, 5*m = -3*y + 42. What are the prime factors of m/(-27) - (-164)/q?
2, 3
Suppose 0 = -d - 2*z + 32, -3*d + 42 + 52 = 5*z. List the prime factors of (-1436)/(-28) - 8/d.
3, 17
Let l = 92 - 158. Let n = 74 - l. List the prime factors of n.
2, 5, 7
Suppose -54*d + 51*d + 1143 = 0. What are the prime factors of d?
3, 127
List the prime factors of (-57)/((-36)/(-39) + 4 + -5).
3, 13, 19
Let n(c) = 2*c + 21. Let o be n(-9). Suppose o*p + 3*w - 291 = 0, 0 = p - 0*w + 3*w - 107. List the prime factors of p.
2, 23
Let k(o) = -51*o + 3. List the prime factors of k(-6).
3, 103
Let v(k) = -k**2 - 10*k + 13. Let s be v(-14). Let h = s + 96. What are the prime factors of h?
53
Let d = 27 + -11. Let g = d + -9. Let l = g - -6. List the prime factors of l.
13
Let d(v) be the first derivative of -1 - 6*v - 3/2*v**2. List the prime factors of d(-4).
2, 3
Let x(b) = 304*b - 11. What are the prime factors of x(2)?
3, 199
Suppose -5*c - 45 = 2*g - 7*g, 3*c = 2*g - 22. What are the prime factors of 1405/30 - (10/(-12))/g?
47
Let o(w) = -12*w**2 + 11*w + 8. Let j be o(-4). Let i = 377 + j. What are the prime factors of i?
149
List the prime factors of 6*(1 + (-115)/(-2)).
3, 13
Let k be (-4 - -1)*-2 - 4. Suppose 0 = -3*t + 3, -6*h + 448 = -h - k*t. What are the prime factors of h?
2, 3, 5
Let b(l) = -l**3 - 14*l**2 + 14*l - 10. Suppose 16*u = 21*u + 75. Let j be b(u). Suppose 3*r - 22 = -m + 2*r, 26 = 3*m - j*r. What are the prime factors of m?
17
Suppose 5*y - 3*a = 656, 3*y - 47 - 349 = a. Let h = y + -64. List the prime factors of h.
3, 23
Let z(g) = 4*g**2 + 7*g - 4. Let v(u) = -5*u**2 - 8*u + 3. Let x(w) = -3*v(w) - 4*z(w). Let p be x(-8). Let k = 41 + p. List the prime factors of k.
2
Let c = 89 + -94. List the prime factors of (-90)/(-3)*((-75)/10)/c.
3, 5
Suppose -5*c + 1668 = 2*g, -2*c + 668 = g - 0*g. What are the prime factors of c/6 + (-8)/(-3) + -3?
5, 11
Suppose 5*u - 874 - 5394 = -4*m, -3*u + 12 = 0. What are the prime factors of m?
2, 11, 71
Let d be -1 + 63*4 - -4. Let f = -144 + d. List the prime factors of (3 + f)*(-2)/(-4).
3, 19
Let c(i) = -136*i - 875. List the prime factors of c(-21).